k be 6/9*(-243)/(-2). Suppose k = -3*o + 6*o. What is the tens digit of o?
2
Suppose -t - 2*h = 2*h - 87, -h - 107 = -t. Let y = 193 - t. What is the units digit of y?
0
Let j = -265 - 19. Let v = j - -416. What is the tens digit of v?
3
Let z be (-20)/11 + (-4)/22. What is the units digit of (-4)/z + (-372)/(-6)?
4
Suppose -6*h + 38 + 1342 = 0. Let k be -1*-3*(2 - 1). Suppose 5*r - 175 = -k*c, 5*c + r = 5*r + h. What is the tens digit of c?
5
Let q be 2*(0 + 11/2). Let m = q - -2. Suppose -m = -5*x + 127. What is the tens digit of x?
2
Let k(s) = 3*s - 11. Let r(p) = p**2 - 6*p + 2. Let w be r(6). Let h = 10 - w. What is the units digit of k(h)?
3
Let c = -6366 - -11115. What is the units digit of c?
9
Suppose -2*u - 13 = -3*t, -2*u = -u + t - 6. What is the units digit of (-1)/(u*5/(-1305))?
1
Let k(j) be the first derivative of -j**2 - 12. What is the units digit of k(-22)?
4
Suppose -y = -6*y + 1325. Suppose -j + 123 = 2*k, 4*j + 21 - y = -4*k. What is the tens digit of k?
6
Suppose x = -11 - 56. Let a = 99 + x. Suppose 2*n = 30 + a. What is the units digit of n?
1
Suppose 0 = 22*y - 172 - 1522. Let j(f) = -f**2 - 8*f - 2. Let w be j(-6). Suppose -a + w = -6*a, 3*z - y = a. What is the units digit of z?
5
Suppose 0*r = -r - w + 2, 3*r - 4*w = 34. Suppose -r = -p - 0*p. Suppose p*u = u + 180. What is the units digit of u?
6
Let y = 26 - 21. Suppose 0 = 5*a - 10 - y. Suppose -4*q + 20 = -a*q. What is the units digit of q?
0
Suppose -4*z + 4 = -6*z, 4*m = -z + 90. Let a = -11 + m. What is the tens digit of a?
1
What is the hundreds digit of (-16)/(-72) - ((-27696)/27 - 4)?
0
Suppose -h + 95 = 2*q, h - 3*h = -q + 55. Suppose -120 = -s - q. Suppose -2*u + 5*p = -89, 0*p + 5*p - s = -3*u. What is the tens digit of u?
3
Let o(l) = -l**2 + 7*l - 2. Let v be o(5). Let h be ((-246)/v)/((-3)/8). Suppose t - 2*w - 42 = 0, 3*t = -4*w - w + h. What is the tens digit of t?
3
Let u(n) = n**2 + 4*n - 4. Let h be u(-5). Let m be 0/(h - (-1 - -1)). Suppose p = -m*p + 17. What is the units digit of p?
7
Let w be 8/10*(-105)/(-14). What is the units digit of (3 - 86)*(5 - w)?
3
Suppose c + 42*c - 2107 = 0. Let s = 6 - 1. Suppose -s*v + 4*v = -c. What is the units digit of v?
9
Suppose -611 = -4*n + 4*j + j, n + 3*j - 174 = 0. Let t = n - 109. What is the tens digit of t?
5
Suppose -3*z - 4*x = 12, 2*z + 0*x = -2*x - 8. Let n be (41/z)/(10/(-120)). Suppose 26 = -4*d - l + n, -d + 3*l = -21. What is the units digit of d?
4
Let i be (-7)/28 - 17/(-4). Let m(d) = 5*d**2 - i*d**2 + d**2 - d + 14 - d**2. What is the units digit of m(0)?
4
Suppose 0 = -82*x + 86*x - 4972. What is the units digit of x?
3
Let o be 1*21 + 6/(-3). Suppose 2*t + 3*a = -27, -t + o = -5*t + a. What is the units digit of 84/(-8)*t/9?
7
Suppose -3*c + 2040 = 5*o, 4*o = 3*c - 1405 - 635. What is the tens digit of c?
8
Let t(c) be the third derivative of 1/6*c**5 - 1/24*c**4 + 0 - 7*c**2 + 1/3*c**3 + 0*c. What is the units digit of t(2)?
0
Let t = 22 + -23. Let z be t/(-1)*(2 + -2). Suppose 2*x - 7*x + 225 = z. What is the tens digit of x?
4
Suppose 7*f - 7083 = -2*f. What is the tens digit of f?
8
Let c = 37 - 53. Let x = 12 - c. What is the tens digit of x?
2
Suppose 3*b + 3*o + 45 = -0*b, -4*b - 87 = -5*o. Let i = 30 + b. What is the tens digit of (-2)/(-4) - (-282)/i?
2
Suppose 10*s - 8*s = 722. What is the tens digit of s?
6
Let d(i) = -i**2 - 9*i - 13. Let g be d(-6). Suppose -t = -3*b - 30, -t + 8 = -g*b + 4*b. Let w(z) = 2*z**2 + 14*z - 7. What is the tens digit of w(b)?
8
Suppose 0 = -3*u + 15*u - 3468. What is the hundreds digit of u?
2
Let b = -17 + 33. Suppose -4*m + 3*d + d = -4, 0 = -2*m - 5*d + b. Let s = m - 1. What is the units digit of s?
2
What is the hundreds digit of 663 - (5 + -4)*-4?
6
Let v(c) be the first derivative of 3*c**2/2 + c + 5. Let h be v(1). Suppose -2*z = -4*d - 5*z + 141, 148 = 4*d - h*z. What is the tens digit of d?
3
Suppose -k - 2 = -11. Suppose -k*j - 592 = -13*j. What is the units digit of j?
8
Let c(k) = 309*k**2 - 13*k + 18. What is the thousands digit of c(2)?
1
What is the units digit of ((-3)/15 - (-49)/70)*1126?
3
Suppose -2*h - 10 = 0, 13*h = -4*i + 15*h - 526. Suppose 570 + 182 = 4*o. Let q = i + o. What is the tens digit of q?
5
Suppose 0*t + 310 = -2*t. Let v(o) = o**3 - 32*o**2 + 28*o + 18. Let a be v(31). Let l = a - t. What is the units digit of l?
0
Let s = -222 + 128. Let r(t) = -t**3 + 3*t**2 + 4*t + 4. Let g be r(4). What is the units digit of g/(-12) - s/3?
1
What is the hundreds digit of 7 - 1 - (-7900)/25?
3
Let o(u) = -u**3 + 12*u**2 - 9*u - 14. What is the tens digit of o(7)?
6
Suppose -5*h = 5*z, -5*h - 3*z - 4 = -10. Suppose 0*b + 2*b + 137 = h*s, -2*b - 39 = -s. What is the tens digit of s?
4
Suppose -3*i + 7*i + 4*g - 32 = 0, -g - 7 = -4*i. Let j(m) = i + 0 + m**2 + 0 + 4*m - 5*m. What is the tens digit of j(-4)?
2
Let y(j) be the third derivative of -5*j**4/24 + 7*j**3/6 + 25*j**2. What is the units digit of y(-7)?
2
Suppose p - 68 = 2*h, -5*p + 0*h = 2*h - 292. What is the tens digit of p?
6
Suppose -n + 7*n = 4524. What is the hundreds digit of n?
7
Let w be (-1)/(0 - (-1)/(-3)) - 28. Let y = -146 - -216. Let t = y + w. What is the units digit of t?
5
Let q = 10 + -6. Let t be (-56)/12 - q/(-6). What is the units digit of 321/12 - (-3)/t?
6
Let l(f) = -f**2 + 6*f. Let k(g) = 3*g**2 - 11*g + 1. Let n(w) = -2*k(w) - 5*l(w). Let a = -45 - -39. What is the tens digit of n(a)?
1
Suppose 3*o + t = 43, o = 5*o + 2*t - 58. Let u be 29/3 - 6/9. Let v = o + u. What is the tens digit of v?
2
Suppose -6 = -3*k - 0. Suppose -o - 2*b = 6, -7*b = o - k*b + 18. Suppose 0 = 3*f + p - 9, o*p + 0*p + 2 = -f. What is the units digit of f?
4
What is the hundreds digit of (-112)/24*6264/(-126)?
2
Suppose 0 = h - 627 + 623. What is the units digit of h?
4
Suppose 0 = 7*v - 0*v - 4459. What is the units digit of v?
7
Suppose k + 2*y = -0*y - 25, -5*y = 3*k + 73. Suppose -5*r - 241 - 19 = 0. Let f = k - r. What is the tens digit of f?
3
Suppose 4*b + 33 = 5*l, -2*b - 20 = -2*l - 6. Suppose 0 = l*t + 98 - 263. What is the units digit of t?
3
Let p be ((-6)/(-9))/(2/(-30)). Let u = -6 - p. Suppose -u*g - 5*k = -10*k - 27, 4*g - k - 31 = 0. What is the units digit of g?
8
Let l be (2 - -5)*(-70)/(-49). Suppose l*z - 904 = 6*z. What is the hundreds digit of z?
2
Let o(g) = 4*g**2. Let s be o(1). What is the units digit of s/18 - 17641/(-117)?
1
Let q(t) = -t**2 - 40*t - 25. What is the units digit of q(-25)?
0
Suppose 2*g = -5*q - 15, g - 3*q - 25 = q. Suppose 18 + 4 = j. Suppose -n + 4*y + j = 0, -3*n - 4*y = -g*n + 40. What is the units digit of n?
8
Let w(d) = d + 5. Let h be w(4). Let s(p) = p**2 - 2*p - 16. What is the tens digit of s(h)?
4
Suppose -5*m = 3*u + 362, u - 128 = 2*m - 2*u. Suppose 5*y - c - 262 - 388 = 0, 0 = 4*c - 20. Let z = m + y. What is the tens digit of z?
6
Let h(g) = -g + 8. Let r be h(2). What is the units digit of 1032/20 - r/(-15)?
2
Let w(f) be the first derivative of 10*f**3/3 + 5*f**2/2 + 2*f + 9. What is the hundreds digit of w(-4)?
1
Let z(b) = 2*b**2 - 48*b + 22. Let p(h) = -h**3 - 5*h**2 - 12. Let t be p(-6). What is the tens digit of z(t)?
2
Suppose -25 = 5*f, -2*q + 6*f - 2*f + 268 = 0. Let j = q + -76. Let b = j + -25. What is the tens digit of b?
2
Let c(h) = -12*h**3 + 8*h**2 + 5*h + 4. Let q be c(-3). Let k = q + -252. What is the units digit of k?
3
Suppose 0 = -7*s + 10*s. Suppose -7*k + 5*k = -32. Suppose -4*r + k + 40 = s. What is the tens digit of r?
1
What is the tens digit of 3*(-4 + (-52)/(-12))*2858?
5
Suppose -p + 412 + 1168 = 0. What is the units digit of p/8 + -1*(-3)/(-6)?
7
Suppose 0 = -9*i + 19 - 10. What is the units digit of (-1 - 8/(-4))*i*15?
5
Suppose -s + 3*o + 3079 = -2150, -3*s + 15739 = 4*o. What is the thousands digit of s?
5
Let z be ((-6)/(-15))/(2/(-60)). Let u = 23 + z. What is the units digit of (18/(-8))/(u/(-264))?
4
Let k = -50 - -53. Let p(t) = 5*t**3 - 3*t**2 + 4*t + 1. What is the units digit of p(k)?
1
Let z = 26 + -11. Let q = z - 12. Suppose 0 = -2*d - 3*c - c + 16, 24 = 3*d + q*c. What is the units digit of d?
8
Let m = 605 - -94. What is the tens digit of m?
9
Suppose 4*j - 222 = 50. What is the units digit of j?
8
Suppose -2*a = -2*u - 2, -7*u - 7 = -3*u - a. Let h